{"id":3699,"date":"2021-08-27T21:08:41","date_gmt":"2021-08-27T19:08:41","guid":{"rendered":"https:\/\/www.greenvda.com\/restaurants-ou-manger-local\/stefenelli-desk\/"},"modified":"2022-03-25T14:56:41","modified_gmt":"2022-03-25T13:56:41","slug":"stefenelli-desk","status":"publish","type":"page","link":"https:\/\/www.greenvda.com\/fr\/restaurants-ou-manger-local\/stefenelli-desk\/","title":{"rendered":"Stefenelli Desk"},"content":{"rendered":"<p><img decoding=\"async\" src=\"\/wp-content\/uploads\/2021\/08\/stefenelli6.jpg\" alt=\"\"><\/p>\n<div>\n<h1>Stefenelli Desk<\/h1>\n<p>Via D\u2019Avise, 14,  11100 Aoste AO<\/p>\n<div>\n<p><em>\u00ab\u00a0Ma philosophie culinaire refl\u00e8te ma philosophie de vie, les contrastes et les harmonies dans la recherche constante de l\u2019\u00e9quilibre\u00a0\u00bb.<\/em><\/p>\n<p>Marco Stefenelli<\/p>\n<p>Stefenelli Desk est le dernier d\u00e9fi du chef Marco Stefenelli. N\u00e9 \u00e0 Cogne en 1967, il s&rsquo; est dipl\u00f4m\u00e9 \u00e0 l\u2019\u00e9cole h\u00f4teli\u00e8re de Chatillon. Esprit libre et curieux, il a fait de la recherche et de l\u2019exp\u00e9rimentation un choix de vie. De Cogne \u00e0 Bonn en passant par le lac de Constance et l\u2019Irlande, sa cuisine apporte avec elle les saveurs de diff\u00e9rentes cultures sans oublier les racines et la tradition.<\/p>\n<p>Toujours attentive \u00e0 la qualit\u00e9 des mati\u00e8res premi\u00e8res, sa cuisine propose un voyage qui fait appel \u00e0 tous les sens \u00e0 la decouverte\u00a0 de plats authentiques et raffin\u00e9s.<\/p>\n<p>Dans leur cave, vous trouverez une s\u00e9lection des meilleures \u00e9tiquettes de la Vall\u00e9e d\u2019Aoste pour une combinaison parfaite de nourriture et de vin.<\/p>\n<p>Situ\u00e9 dans une ruelle du centre historique d\u2019Aoste dans un ancien b\u00e2timent de 1772, Stefenelli Desk est un restaurant confortable en bois, pierre et verre o\u00f9 l\u2019attention aux d\u00e9tails et aux mat\u00e9riaux n\u2019est jamais accidentelle.<\/p>\n<p>Marco et Sandra vous accueilleront en vous proposant un menu d\u00e9gustation \u00e0 z\u00e9ro km o\u00f9 la cr\u00e9ativit\u00e9 est au service des saveurs du pass\u00e9.\u00a0<\/p>\n<h3>O\u00f9 il est<\/h3>\n<p dir=\"ltr\" class=\"CDt4Ke zfr3Q\"><span>Via D\u2019Avise, 14, <\/span><span>11100 Aosta AO<\/span><\/p>\n<p dir=\"ltr\">\n<h3 dir=\"ltr\">Menu d\u00e9gustation<\/h3>\n<p dir=\"ltr\">Menu \u00e0 4 plats &gt; 60\u20ac par personne<br \/>Menu \u00e0 3 plats &gt; 40\u20ac par personne<\/p>\n<h3 dir=\"ltr\">TripAdvisor<\/h3>\n<p dir=\"ltr\" class=\"CDt4Ke zfr3Q\"><span>5<\/span><span>.0 \/ 5.0 su 41 recensioni<\/span><\/p>\n<p dir=\"ltr\" class=\"CDt4Ke zfr3Q\"><span>NOTES<br \/><\/span>Cuisine 5.0 \/ 5.0<br \/><span>Service 5.0 \/ 5.0<br \/><\/span><span>Qualit\u00e9\/Prix 5.0 \/ 5.0<\/span><\/p>\n<\/div>\n<\/div>\n<ul>\n<li>\n<p>        <img decoding=\"async\" src=\"\/wp-content\/uploads\/2021\/08\/stefenelli2.jpg\" alt=\"\"><\/p>\n<\/li>\n<li>\n<p>        <img decoding=\"async\" src=\"\/wp-content\/uploads\/2021\/08\/stefenelli3.jpg\" alt=\"\"><\/p>\n<\/li>\n<li>\n<p>        <img decoding=\"async\" src=\"\/wp-content\/uploads\/2021\/08\/stefenelli4.jpg\" alt=\"\"><\/p>\n<\/li>\n<li>\n<p>        <img decoding=\"async\" src=\"\/wp-content\/uploads\/2021\/08\/stefenelli5.jpg\" alt=\"\"><\/p>\n<\/li>\n<\/ul>\n<p><!--more--><br \/>\n<!-- {\"name\":\"Trans Alps Adventure\",\"type\":\"layout\",\"children\":[{\"name\":\"Hero\",\"type\":\"section\",\"props\":{\"style\":\"primary\",\"width\":\"large\",\"vertical_align\":\"\",\"title_position\":\"top-left\",\"title_rotation\":\"left\",\"title_breakpoint\":\"xl\",\"image_position\":\"top-center\",\"height\":\"percent\",\"padding\":\"large\",\"image\":\"wp-content\\\/uploads\\\/2021\\\/08\\\/StefenelliDesk-Staff.jpg\",\"text_color\":\"light\",\"image_size\":\"cover\",\"image_effect\":\"parallax\",\"image_width\":\"2560\",\"overlap\":false,\"image_parallax_breakpoint\":\"m\",\"image_parallax_bgy_start\":\"-200\"},\"children\":[{\"name\":\"\",\"type\":\"row\",\"children\":[{\"name\":\"\",\"type\":\"column\",\"props\":{\"image_position\":\"center-center\",\"media_overlay_gradient\":\"\",\"width_medium\":\"1-1\"},\"children\":[]}]}]},{\"name\":\"About\",\"type\":\"section\",\"props\":{\"style\":\"default\",\"width\":\"xlarge\",\"vertical_align\":\"middle\",\"title_position\":\"center-right\",\"title_rotation\":\"left\",\"title_breakpoint\":\"xl\",\"image_position\":\"center-center\",\"padding\":\"none\",\"overlap\":false,\"title\":\"\",\"padding_remove_bottom\":false,\"padding_remove_top\":false},\"children\":[{\"name\":\"\",\"type\":\"row\",\"props\":{\"layout\":\"1-2,1-2\",\"match\":true,\"column_gap\":\"collapse\",\"row_gap\":\"collapse\"},\"children\":[{\"name\":\"\",\"type\":\"column\",\"props\":{\"image_position\":\"center-center\",\"vertical_align\":\"middle\",\"media_overlay_gradient\":\"\",\"width_medium\":\"1-2\"},\"children\":[{\"name\":\"\",\"type\":\"image\",\"props\":{\"margin\":\"default\",\"text_align\":\"right\",\"maxwidth\":\"xlarge\",\"animation\":\"parallax\",\"image\":\"wp-content\\\/uploads\\\/2021\\\/08\\\/stefenelli6.jpg\",\"image_width\":\"600\",\"parallax_breakpoint\":\"m\",\"parallax_y_end\":\"-240\",\"parallax_y_start\":\"-100\",\"image_box_decoration\":\"default\",\"block_align\":\"right\",\"image_svg_color\":\"emphasis\",\"image_height\":\"700\"}}]},{\"name\":\"\",\"type\":\"column\",\"props\":{\"image_position\":\"center-center\",\"media_overlay_gradient\":\"\",\"width_medium\":\"1-2\"},\"children\":[{\"name\":\"\",\"type\":\"panel\",\"props\":{\"link_text\":\"Tariffe e galleria fotografica\",\"title_element\":\"h1\",\"meta_style\":\"meta\",\"meta_align\":\"below-title\",\"image_align\":\"top\",\"image_grid_width\":\"1-2\",\"link_style\":\"primary\",\"margin\":\"\",\"panel_style\":\"card-default\",\"panel_size\":\"large\",\"title_style\":\"h1\",\"text_align\":\"left\",\"maxwidth\":\"xlarge\",\"maxwidth_breakpoint\":\"l\",\"animation\":\"parallax\",\"title\":\"Stefenelli Desk\",\"content\":\"\n\n<p><\\\/p>\\n\n\n<p><em>\\\"Ma philosophie culinaire refl\\u00e8te ma philosophie de vie, les contrastes et les harmonies dans la recherche constante de l\\u2019\\u00e9quilibre\\\".<\\\/em><\\\/p>\\n\n\n<p>Marco Stefenelli<\\\/p>\\n\n\n<p>Stefenelli Desk est le dernier d\\u00e9fi du chef Marco Stefenelli. N\\u00e9 \\u00e0 Cogne en 1967, il s' est dipl\\u00f4m\\u00e9 \\u00e0 l\\u2019\\u00e9cole h\\u00f4teli\\u00e8re de Chatillon. Esprit libre et curieux, il a fait de la recherche et de l\\u2019exp\\u00e9rimentation un choix de vie. De Cogne \\u00e0 Bonn en passant par le lac de Constance et l\\u2019Irlande, sa cuisine apporte avec elle les saveurs de diff\\u00e9rentes cultures sans oublier les racines et la tradition.<\\\/p>\\n\n\n<p>Toujours attentive \\u00e0 la qualit\\u00e9 des mati\\u00e8res premi\\u00e8res, sa cuisine propose un voyage qui fait appel \\u00e0 tous les sens \\u00e0 la decouverte\\u00a0 de plats authentiques et raffin\\u00e9s.<\\\/p>\\n\n\n<p>Dans leur cave, vous trouverez une s\\u00e9lection des meilleures \\u00e9tiquettes de la Vall\\u00e9e d\\u2019Aoste pour une combinaison parfaite de nourriture et de vin.<\\\/p>\\n\n\n<p>Situ\\u00e9 dans une ruelle du centre historique d\\u2019Aoste dans un ancien b\\u00e2timent de 1772, Stefenelli Desk est un restaurant confortable en bois, pierre et verre o\\u00f9 l\\u2019attention aux d\\u00e9tails et aux mat\\u00e9riaux n\\u2019est jamais accidentelle.<\\\/p>\\n\n\n<p>Marco et Sandra vous accueilleront en vous proposant un menu d\\u00e9gustation \\u00e0 z\\u00e9ro km o\\u00f9 la cr\\u00e9ativit\\u00e9 est au service des saveurs du pass\\u00e9.\\u00a0<\\\/p>\\n\n\n<h3>O\\u00f9 il est<\\\/h3>\\n\n\n<p dir=\\\"ltr\\\" class=\\\"CDt4Ke zfr3Q\\\"><span>Via D\\u2019Avise, 14, <\\\/span><span>11100 Aosta AO<\\\/span><\\\/p>\\n\n\n<p dir=\\\"ltr\\\"><\\\/p>\\n\n\n<h3 dir=\\\"ltr\\\">Menu d\\u00e9gustation<\\\/h3>\\n\n\n<p dir=\\\"ltr\\\">Menu \\u00e0 4 plats &gt; 60\\u20ac par personne<br \\\/>Menu \\u00e0 3 plats &gt; 40\\u20ac par personne<\\\/p>\\n\n\n<h3 dir=\\\"ltr\\\">TripAdvisor<\\\/h3>\\n\n\n<p dir=\\\"ltr\\\" class=\\\"CDt4Ke zfr3Q\\\"><span>5<\\\/span><span>.0 \\\/ 5.0 su 41 recensioni<\\\/span><\\\/p>\\n\n\n<p dir=\\\"ltr\\\" class=\\\"CDt4Ke zfr3Q\\\"><span>NOTES<br \\\/><\\\/span>Cuisine 5.0 \\\/ 5.0<br \\\/><span>Service 5.0 \\\/ 5.0<br \\\/><\\\/span><span>Qualit\\u00e9\\\/Prix 5.0 \\\/ 5.0<\\\/span><\\\/p>\",\"parallax_breakpoint\":\"m\",\"parallax_y_start\":\"-200\",\"title_hover_style\":\"reset\",\"title_align\":\"top\",\"title_grid_width\":\"1-2\",\"image_svg_color\":\"emphasis\",\"position\":\"relative\",\"position_left\":\"-50\",\"css\":\"@media (max-width: 959px) {\\n    .el-element { position: static !important; }\\n}\",\"title_grid_breakpoint\":\"m\",\"image_grid_breakpoint\":\"m\",\"icon_width\":80,\"meta_element\":\"div\",\"content_column_breakpoint\":\"m\",\"link\":\"\",\"link_target\":true,\"meta\":\"Via D\\u2019Avise, 14,  11100 Aoste AO\"}}]}]}]},{\"type\":\"section\",\"props\":{\"style\":\"default\",\"width\":\"default\",\"vertical_align\":\"middle\",\"title_position\":\"top-left\",\"title_rotation\":\"left\",\"title_breakpoint\":\"xl\",\"image_position\":\"center-center\"},\"children\":[{\"type\":\"row\",\"children\":[{\"type\":\"column\",\"props\":{\"image_position\":\"center-center\",\"media_overlay_gradient\":\"\"},\"children\":[{\"type\":\"gallery\",\"props\":{\"show_title\":true,\"show_meta\":true,\"show_content\":true,\"show_link\":true,\"show_hover_image\":true,\"grid_default\":\"1\",\"grid_medium\":\"4\",\"filter_style\":\"tab\",\"filter_all\":true,\"filter_position\":\"top\",\"filter_align\":\"left\",\"filter_grid_width\":\"auto\",\"filter_grid_breakpoint\":\"m\",\"overlay_mode\":\"cover\",\"overlay_hover\":true,\"overlay_style\":\"\",\"text_color\":\"light\",\"overlay_position\":\"center\",\"overlay_transition\":\"fade\",\"title_hover_style\":\"reset\",\"title_element\":\"h3\",\"meta_style\":\"meta\",\"meta_align\":\"below-title\",\"meta_element\":\"div\",\"link_text\":\"Fai click\",\"link_style\":\"\",\"text_align\":\"center\",\"margin\":\"default\",\"item_animation\":true,\"lightbox\":true,\"title_display\":\"lightbox\",\"content_display\":\"lightbox\",\"lightbox_image_orientation\":false,\"lightbox_image_width\":\"\",\"lightbox_image_height\":\"\",\"image_width\":\"400\",\"image_height\":\"400\"},\"children\":[{\"type\":\"gallery_item\",\"props\":{\"image\":\"wp-content\\\/uploads\\\/2021\\\/08\\\/stefenelli2.jpg\"}},{\"type\":\"gallery_item\",\"props\":{\"image\":\"wp-content\\\/uploads\\\/2021\\\/08\\\/stefenelli3.jpg\"}},{\"type\":\"gallery_item\",\"props\":{\"image\":\"wp-content\\\/uploads\\\/2021\\\/08\\\/stefenelli4.jpg\"}},{\"type\":\"gallery_item\",\"props\":{\"image\":\"wp-content\\\/uploads\\\/2021\\\/08\\\/stefenelli5.jpg\"}}]}]}]}]}],\"version\":\"2.5.9\"} --><\/p>\n","protected":false},"excerpt":{"rendered":"<p>Stefenelli Desk Via D\u2019Avise, 14, 11100 Aoste AO \u00ab\u00a0Ma philosophie culinaire refl\u00e8te ma philosophie de vie, les contrastes et les harmonies dans la recherche constante de l\u2019\u00e9quilibre\u00a0\u00bb. Marco Stefenelli Stefenelli Desk est le dernier d\u00e9fi du chef Marco Stefenelli. N\u00e9 \u00e0 Cogne en 1967, il s&rsquo; est dipl\u00f4m\u00e9 \u00e0 l\u2019\u00e9cole h\u00f4teli\u00e8re de Chatillon. Esprit libre [&hellip;]<\/p>\n","protected":false},"author":1,"featured_media":0,"parent":2617,"menu_order":0,"comment_status":"closed","ping_status":"closed","template":"","meta":{"_seopress_robots_primary_cat":"","_seopress_titles_title":"Stefenelli Desk | Green Experience Vall\u00e9e d&#039;Aoste","_seopress_titles_desc":"Stefenelli Desk \u00e8 l\u2019ultima sfida dello chef Marco Stefenelli. Spirito libero e curioso, ha fatto della ricerca e della sperimentazione una scelta di vita.","_seopress_robots_index":"","footnotes":""},"class_list":["post-3699","page","type-page","status-publish","hentry"],"_links":{"self":[{"href":"https:\/\/www.greenvda.com\/fr\/wp-json\/wp\/v2\/pages\/3699","targetHints":{"allow":["GET"]}}],"collection":[{"href":"https:\/\/www.greenvda.com\/fr\/wp-json\/wp\/v2\/pages"}],"about":[{"href":"https:\/\/www.greenvda.com\/fr\/wp-json\/wp\/v2\/types\/page"}],"author":[{"embeddable":true,"href":"https:\/\/www.greenvda.com\/fr\/wp-json\/wp\/v2\/users\/1"}],"replies":[{"embeddable":true,"href":"https:\/\/www.greenvda.com\/fr\/wp-json\/wp\/v2\/comments?post=3699"}],"version-history":[{"count":6,"href":"https:\/\/www.greenvda.com\/fr\/wp-json\/wp\/v2\/pages\/3699\/revisions"}],"predecessor-version":[{"id":3884,"href":"https:\/\/www.greenvda.com\/fr\/wp-json\/wp\/v2\/pages\/3699\/revisions\/3884"}],"up":[{"embeddable":true,"href":"https:\/\/www.greenvda.com\/fr\/wp-json\/wp\/v2\/pages\/2617"}],"wp:attachment":[{"href":"https:\/\/www.greenvda.com\/fr\/wp-json\/wp\/v2\/media?parent=3699"}],"curies":[{"name":"wp","href":"https:\/\/api.w.org\/{rel}","templated":true}]}}

<p><img decoding="async" src="/wp-content/uploads/2021/08/stefenelli6.jpg" alt=""></p>
<div>
<h1>Stefenelli Desk</h1>
<p>Via D’Avise, 14,  11100 Aoste AO</p>
<div>
<p><em>« Ma philosophie culinaire reflète ma philosophie de vie, les contrastes et les harmonies dans la recherche constante de l’équilibre ».</em></p>
<p>Marco Stefenelli</p>
<p>Stefenelli Desk est le dernier défi du chef Marco Stefenelli. Né à Cogne en 1967, il s&rsquo; est diplômé à l’école hôtelière de Chatillon. Esprit libre et curieux, il a fait de la recherche et de l’expérimentation un choix de vie. De Cogne à Bonn en passant par le lac de Constance et l’Irlande, sa cuisine apporte avec elle les saveurs de différentes cultures sans oublier les racines et la tradition.</p>
<p>Toujours attentive à la qualité des matières premières, sa cuisine propose un voyage qui fait appel à tous les sens à la decouverte  de plats authentiques et raffinés.</p>
<p>Dans leur cave, vous trouverez une sélection des meilleures étiquettes de la Vallée d’Aoste pour une combinaison parfaite de nourriture et de vin.</p>
<p>Situé dans une ruelle du centre historique d’Aoste dans un ancien bâtiment de 1772, Stefenelli Desk est un restaurant confortable en bois, pierre et verre où l’attention aux détails et aux matériaux n’est jamais accidentelle.</p>
<p>Marco et Sandra vous accueilleront en vous proposant un menu dégustation à zéro km où la créativité est au service des saveurs du passé. </p>
<h3>Où il est</h3>
<p dir="ltr" class="CDt4Ke zfr3Q"><span>Via D’Avise, 14, </span><span>11100 Aosta AO</span></p>
<p dir="ltr">
<h3 dir="ltr">Menu dégustation</h3>
<p dir="ltr">Menu à 4 plats &gt; 60€ par personne<br />Menu à 3 plats &gt; 40€ par personne</p>
<h3 dir="ltr">TripAdvisor</h3>
<p dir="ltr" class="CDt4Ke zfr3Q"><span>5</span><span>.0 / 5.0 su 41 recensioni</span></p>
<p dir="ltr" class="CDt4Ke zfr3Q"><span>NOTES<br /></span>Cuisine 5.0 / 5.0<br /><span>Service 5.0 / 5.0<br /></span><span>Qualité/Prix 5.0 / 5.0</span></p>
</div>
</div>
<ul>
<li>
<p>        <img decoding="async" src="/wp-content/uploads/2021/08/stefenelli2.jpg" alt=""></p>
</li>
<li>
<p>        <img decoding="async" src="/wp-content/uploads/2021/08/stefenelli3.jpg" alt=""></p>
</li>
<li>
<p>        <img decoding="async" src="/wp-content/uploads/2021/08/stefenelli4.jpg" alt=""></p>
</li>
<li>
<p>        <img decoding="async" src="/wp-content/uploads/2021/08/stefenelli5.jpg" alt=""></p>
</li>
</ul>
<p><!--more--><br />
<!-- {"name":"Trans Alps Adventure","type":"layout","children":[{"name":"Hero","type":"section","props":{"style":"primary","width":"large","vertical_align":"","title_position":"top-left","title_rotation":"left","title_breakpoint":"xl","image_position":"top-center","height":"percent","padding":"large","image":"wp-content\/uploads\/2021\/08\/StefenelliDesk-Staff.jpg","text_color":"light","image_size":"cover","image_effect":"parallax","image_width":"2560","overlap":false,"image_parallax_breakpoint":"m","image_parallax_bgy_start":"-200"},"children":[{"name":"","type":"row","children":[{"name":"","type":"column","props":{"image_position":"center-center","media_overlay_gradient":"","width_medium":"1-1"},"children":[]}]}]},{"name":"About","type":"section","props":{"style":"default","width":"xlarge","vertical_align":"middle","title_position":"center-right","title_rotation":"left","title_breakpoint":"xl","image_position":"center-center","padding":"none","overlap":false,"title":"","padding_remove_bottom":false,"padding_remove_top":false},"children":[{"name":"","type":"row","props":{"layout":"1-2,1-2","match":true,"column_gap":"collapse","row_gap":"collapse"},"children":[{"name":"","type":"column","props":{"image_position":"center-center","vertical_align":"middle","media_overlay_gradient":"","width_medium":"1-2"},"children":[{"name":"","type":"image","props":{"margin":"default","text_align":"right","maxwidth":"xlarge","animation":"parallax","image":"wp-content\/uploads\/2021\/08\/stefenelli6.jpg","image_width":"600","parallax_breakpoint":"m","parallax_y_end":"-240","parallax_y_start":"-100","image_box_decoration":"default","block_align":"right","image_svg_color":"emphasis","image_height":"700"}}]},{"name":"","type":"column","props":{"image_position":"center-center","media_overlay_gradient":"","width_medium":"1-2"},"children":[{"name":"","type":"panel","props":{"link_text":"Tariffe e galleria fotografica","title_element":"h1","meta_style":"meta","meta_align":"below-title","image_align":"top","image_grid_width":"1-2","link_style":"primary","margin":"","panel_style":"card-default","panel_size":"large","title_style":"h1","text_align":"left","maxwidth":"xlarge","maxwidth_breakpoint":"l","animation":"parallax","title":"Stefenelli Desk","content":"

<p><\/p>\n

<p><em>\"Ma philosophie culinaire refl\u00e8te ma philosophie de vie, les contrastes et les harmonies dans la recherche constante de l\u2019\u00e9quilibre\".<\/em><\/p>\n

<p>Marco Stefenelli<\/p>\n

<p>Stefenelli Desk est le dernier d\u00e9fi du chef Marco Stefenelli. N\u00e9 \u00e0 Cogne en 1967, il s' est dipl\u00f4m\u00e9 \u00e0 l\u2019\u00e9cole h\u00f4teli\u00e8re de Chatillon. Esprit libre et curieux, il a fait de la recherche et de l\u2019exp\u00e9rimentation un choix de vie. De Cogne \u00e0 Bonn en passant par le lac de Constance et l\u2019Irlande, sa cuisine apporte avec elle les saveurs de diff\u00e9rentes cultures sans oublier les racines et la tradition.<\/p>\n

<p>Toujours attentive \u00e0 la qualit\u00e9 des mati\u00e8res premi\u00e8res, sa cuisine propose un voyage qui fait appel \u00e0 tous les sens \u00e0 la decouverte\u00a0 de plats authentiques et raffin\u00e9s.<\/p>\n

<p>Dans leur cave, vous trouverez une s\u00e9lection des meilleures \u00e9tiquettes de la Vall\u00e9e d\u2019Aoste pour une combinaison parfaite de nourriture et de vin.<\/p>\n

<p>Situ\u00e9 dans une ruelle du centre historique d\u2019Aoste dans un ancien b\u00e2timent de 1772, Stefenelli Desk est un restaurant confortable en bois, pierre et verre o\u00f9 l\u2019attention aux d\u00e9tails et aux mat\u00e9riaux n\u2019est jamais accidentelle.<\/p>\n

<p>Marco et Sandra vous accueilleront en vous proposant un menu d\u00e9gustation \u00e0 z\u00e9ro km o\u00f9 la cr\u00e9ativit\u00e9 est au service des saveurs du pass\u00e9.\u00a0<\/p>\n

<h3>O\u00f9 il est<\/h3>\n

<p dir=\"ltr\" class=\"CDt4Ke zfr3Q\"><span>Via D\u2019Avise, 14, <\/span><span>11100 Aosta AO<\/span><\/p>\n

<p dir=\"ltr\"><\/p>\n

<h3 dir=\"ltr\">Menu d\u00e9gustation<\/h3>\n

<p dir=\"ltr\">Menu \u00e0 4 plats &gt; 60\u20ac par personne<br \/>Menu \u00e0 3 plats &gt; 40\u20ac par personne<\/p>\n

<h3 dir=\"ltr\">TripAdvisor<\/h3>\n

<p dir=\"ltr\" class=\"CDt4Ke zfr3Q\"><span>5<\/span><span>.0 \/ 5.0 su 41 recensioni<\/span><\/p>\n

<p dir=\"ltr\" class=\"CDt4Ke zfr3Q\"><span>NOTES<br \/><\/span>Cuisine 5.0 \/ 5.0<br \/><span>Service 5.0 \/ 5.0<br \/><\/span><span>Qualit\u00e9\/Prix 5.0 \/ 5.0<\/span><\/p>","parallax_breakpoint":"m","parallax_y_start":"-200","title_hover_style":"reset","title_align":"top","title_grid_width":"1-2","image_svg_color":"emphasis","position":"relative","position_left":"-50","css":"@media (max-width: 959px) {\n    .el-element { position: static !important; }\n}","title_grid_breakpoint":"m","image_grid_breakpoint":"m","icon_width":80,"meta_element":"div","content_column_breakpoint":"m","link":"","link_target":true,"meta":"Via D\u2019Avise, 14,  11100 Aoste AO"}}]}]}]},{"type":"section","props":{"style":"default","width":"default","vertical_align":"middle","title_position":"top-left","title_rotation":"left","title_breakpoint":"xl","image_position":"center-center"},"children":[{"type":"row","children":[{"type":"column","props":{"image_position":"center-center","media_overlay_gradient":""},"children":[{"type":"gallery","props":{"show_title":true,"show_meta":true,"show_content":true,"show_link":true,"show_hover_image":true,"grid_default":"1","grid_medium":"4","filter_style":"tab","filter_all":true,"filter_position":"top","filter_align":"left","filter_grid_width":"auto","filter_grid_breakpoint":"m","overlay_mode":"cover","overlay_hover":true,"overlay_style":"","text_color":"light","overlay_position":"center","overlay_transition":"fade","title_hover_style":"reset","title_element":"h3","meta_style":"meta","meta_align":"below-title","meta_element":"div","link_text":"Fai click","link_style":"","text_align":"center","margin":"default","item_animation":true,"lightbox":true,"title_display":"lightbox","content_display":"lightbox","lightbox_image_orientation":false,"lightbox_image_width":"","lightbox_image_height":"","image_width":"400","image_height":"400"},"children":[{"type":"gallery_item","props":{"image":"wp-content\/uploads\/2021\/08\/stefenelli2.jpg"}},{"type":"gallery_item","props":{"image":"wp-content\/uploads\/2021\/08\/stefenelli3.jpg"}},{"type":"gallery_item","props":{"image":"wp-content\/uploads\/2021\/08\/stefenelli4.jpg"}},{"type":"gallery_item","props":{"image":"wp-content\/uploads\/2021\/08\/stefenelli5.jpg"}}]}]}]}]}],"version":"2.5.9"} --></p>

<p>Stefenelli Desk Via D’Avise, 14, 11100 Aoste AO « Ma philosophie culinaire reflète ma philosophie de vie, les contrastes et les harmonies dans la recherche constante de l’équilibre ». Marco Stefenelli Stefenelli Desk est le dernier défi du chef Marco Stefenelli. Né à Cogne en 1967, il s&rsquo; est diplômé à l’école hôtelière de Chatillon. Esprit libre [&hellip;]</p>

Stefenelli Desk | Green Experience Vallée d&#039;Aoste

Stefenelli Desk è l’ultima sfida dello chef Marco Stefenelli. Spirito libero e curioso, ha fatto della ricerca e della sperimentazione una scelta di vita.
