{"id":2472,"date":"2021-08-26T09:29:12","date_gmt":"2021-08-26T07:29:12","guid":{"rendered":"https:\/\/www.greenvda.com\/vallee-daoste\/champoluc\/"},"modified":"2022-02-03T15:31:38","modified_gmt":"2022-02-03T14:31:38","slug":"champoluc","status":"publish","type":"page","link":"https:\/\/www.greenvda.com\/fr\/vallee-daoste\/champoluc\/","title":{"rendered":"Champoluc"},"content":{"rendered":"<h1>Champoluc<\/h1>\n<div>Sillonn\u00e9 par le torrent Evan\u00e7on, le Val d\u2019Ayas est situ\u00e9 au pied du massif du Mont-Rose, avec ses tr\u00e8s hauts sommets, dont la pointe Dufour (4.634 m\u00e8tres). Le paysage est tr\u00e8s diversifi\u00e9, avec des glaciers et des falaises \u00e0 c\u00f4t\u00e9 de prairies et de p\u00e2turages en pente douce. En parcourant la vall\u00e9e, on rencontre de nombreux villages, chacun avec ses propres caract\u00e9ristiques paysag\u00e8res et architecturales. La station la plus connue est celle de Champoluc, \u00e0 1.568 m\u00e8tres d\u2019altitude, une destination de vacances aussi bien l\u2019hiver que l\u2019\u00e9t\u00e9. Antagnod, o\u00f9 se trouve la maison communale d\u2019Ayas, est un village \u00e0 1.710 m\u00e8tres d\u2019altitude, d\u2019o\u00f9 l\u2019on profite d\u2019un panorama magnifique. Les hameaux de Frachey et de Saint-Jacques sont eux aussi tout \u00e0 fait caract\u00e9ristiques, ainsi que les villages de Crest et de Mascognaz, o\u00f9 les anciennes habitations, les raccards traditionnels, ont \u00e9t\u00e9 savamment conserv\u00e9s. Ici, l\u2019art de travailler le bois se perd dans la nuit des temps, ainsi que la production artisanale des typiques sabots de bois que les habitants chaussaient \u00e0 toutes les saisons.<\/div>\n<ul>\n<li>\n<h3>Choses \u00e0 faire<\/h3>\n<div>\n<ul>\n<li>Lac Bleu de Verra<\/li>\n<li>Trekking et promenades<\/li>\n<li>VTT<\/li>\n<li>Thermes<\/li>\n<li>Alpinisme<\/li>\n<\/ul>\n<\/div>\n<\/li>\n<li>\n<h3>O\u00f9 dormir<\/h3>\n<div>\n<p><a href=\"\/fr\/ou-dormir\/hotel-castor\/\">Hotel Castor***<\/a><\/p>\n<\/div>\n<\/li>\n<li>\n<h3>Da gustare<\/h3>\n<\/li>\n<\/ul>\n<ul>\n<li>\n<p>        <img decoding=\"async\" src=\"\/wp-content\/uploads\/2021\/08\/champoluc2.jpg\" alt=\"\"><\/p>\n<\/li>\n<li>\n<p>        <img decoding=\"async\" src=\"\/wp-content\/uploads\/2021\/08\/champoluc3.jpg\" alt=\"\"><\/p>\n<\/li>\n<li>\n<p>        <img decoding=\"async\" src=\"\/wp-content\/uploads\/2021\/08\/champoluc4.jpg\" alt=\"\"><\/p>\n<\/li>\n<li>\n<p>        <img decoding=\"async\" src=\"\/wp-content\/uploads\/2021\/08\/champoluc5.jpg\" alt=\"\"><\/p>\n<\/li>\n<li>\n<p>        <img decoding=\"async\" src=\"\/wp-content\/uploads\/2021\/08\/champoluc6.jpg\" alt=\"\"><\/p>\n<\/li>\n<li>\n<p>        <img decoding=\"async\" src=\"\/wp-content\/uploads\/2021\/08\/champoluc7.jpg\" alt=\"\"><\/p>\n<\/li>\n<\/ul>\n<p><!--more--><br \/>\n<!-- {\"name\":\"Tips\",\"type\":\"layout\",\"children\":[{\"name\":\"Copertina\",\"type\":\"section\",\"props\":{\"style\":\"default\",\"width\":\"large\",\"vertical_align\":\"middle\",\"title_position\":\"top-left\",\"title_rotation\":\"left\",\"title_breakpoint\":\"xl\",\"image_position\":\"center-center\",\"height\":\"percent\",\"image\":\"\",\"text_color\":\"light\",\"image_size\":\"cover\",\"image_effect\":\"parallax\",\"image_width\":\"2560\",\"overlap\":true,\"image_parallax_breakpoint\":\"m\",\"image_parallax_bgy_start\":\"-100\",\"image_parallax_bgy_end\":\"100\",\"video\":\"<iframe width=\\\"1280\\\" height=\\\"720\\\" src=\\\"https:\\\/\\\/www.youtube.com\\\/embed\\\/chchmnkiDmY\\\" title=\\\"YouTube video player\\\" frameborder=\\\"0\\\" allow=\\\"accelerometer; autoplay; clipboard-write; encrypted-media; gyroscope; picture-in-picture\\\" allowfullscreen><\\\/iframe>\",\"video_width\":\"1000\"},\"children\":[{\"name\":\"\",\"type\":\"row\",\"children\":[{\"name\":\"\",\"type\":\"column\",\"props\":{\"image_position\":\"center-center\",\"width_medium\":\"1-1\",\"media_overlay_gradient\":\"\"},\"children\":[{\"name\":\"\",\"type\":\"headline\",\"props\":{\"title_element\":\"h1\",\"title_style\":\"heading-xlarge\",\"text_align\":\"center\",\"content\":\"Champoluc\",\"margin_remove_top\":true}}]}]}]},{\"name\":\"Intro + gallery\",\"type\":\"section\",\"props\":{\"style\":\"default\",\"width\":\"\",\"vertical_align\":\"middle\",\"title_position\":\"top-left\",\"title_rotation\":\"left\",\"title_breakpoint\":\"xl\",\"image_position\":\"bottom-center\",\"padding\":\"small\",\"image\":\"\",\"image_effect\":\"parallax\",\"title\":\"\",\"padding_remove_bottom\":false,\"padding_remove_top\":false,\"image_width\":\"900\",\"css\":\".el-section > * { background-position: 35% 90%; }\",\"image_parallax_breakpoint\":\"m\",\"image_parallax_bgy_start\":\"100\",\"media_visibility\":\"s\"},\"children\":[{\"name\":\"\",\"type\":\"row\",\"props\":{\"width\":\"large\",\"margin\":\"large\"},\"children\":[{\"name\":\"\",\"type\":\"column\",\"props\":{\"image_position\":\"center-center\",\"media_overlay_gradient\":\"\",\"width_medium\":\"\"},\"children\":[{\"name\":\"\",\"type\":\"text\",\"props\":{\"margin\":\"default\",\"column_breakpoint\":\"m\",\"animation\":\"none\",\"content\":\"Sillonn\\u00e9 par le torrent Evan\\u00e7on, le Val d\\u2019Ayas est situ\\u00e9 au pied du massif du Mont-Rose, avec ses tr\\u00e8s hauts sommets, dont la pointe Dufour (4.634 m\\u00e8tres). Le paysage est tr\\u00e8s diversifi\\u00e9, avec des glaciers et des falaises \\u00e0 c\\u00f4t\\u00e9 de prairies et de p\\u00e2turages en pente douce. En parcourant la vall\\u00e9e, on rencontre de nombreux villages, chacun avec ses propres caract\\u00e9ristiques paysag\\u00e8res et architecturales. La station la plus connue est celle de Champoluc, \\u00e0 1.568 m\\u00e8tres d\\u2019altitude, une destination de vacances aussi bien l\\u2019hiver que l\\u2019\\u00e9t\\u00e9. Antagnod, o\\u00f9 se trouve la maison communale d\\u2019Ayas, est un village \\u00e0 1.710 m\\u00e8tres d\\u2019altitude, d\\u2019o\\u00f9 l\\u2019on profite d\\u2019un panorama magnifique. Les hameaux de Frachey et de Saint-Jacques sont eux aussi tout \\u00e0 fait caract\\u00e9ristiques, ainsi que les villages de Crest et de Mascognaz, o\\u00f9 les anciennes habitations, les raccards traditionnels, ont \\u00e9t\\u00e9 savamment conserv\\u00e9s. Ici, l\\u2019art de travailler le bois se perd dans la nuit des temps, ainsi que la production artisanale des typiques sabots de bois que les habitants chaussaient \\u00e0 toutes les saisons.\",\"parallax_breakpoint\":\"m\",\"parallax_y_start\":\"50\",\"parallax_y_end\":\"-50\",\"block_align\":\"center\",\"margin_remove_top\":false}},{\"name\":\"\",\"type\":\"accordion\",\"props\":{\"show_image\":true,\"show_link\":true,\"collapsible\":true,\"image_align\":\"top\",\"image_grid_width\":\"1-2\",\"link_text\":\"Read more\",\"link_style\":\"default\",\"animation\":\"none\",\"margin_remove_top\":false,\"parallax_breakpoint\":\"m\",\"parallax_y_start\":\"100\",\"image_grid_breakpoint\":\"m\",\"content_column_breakpoint\":\"m\",\"image_svg_color\":\"emphasis\"},\"children\":[{\"name\":\"\",\"type\":\"accordion_item\",\"props\":{\"title\":\"Choses \\u00e0 faire\",\"content\":\"\n\n<ul>\\n\n\n<li>Lac Bleu de Verra<\\\/li>\\n\n\n<li>Trekking et promenades<\\\/li>\\n\n\n<li>VTT<\\\/li>\\n\n\n<li>Thermes<\\\/li>\\n\n\n<li>Alpinisme<\\\/li>\\n<\\\/ul>\"}},{\"name\":\"\",\"type\":\"accordion_item\",\"props\":{\"title\":\"O\\u00f9 dormir\",\"content\":\"\n\n<p><a href=\\\"\\\/fr\\\/ou-dormir\\\/hotel-castor\\\/\\\">Hotel Castor***<\\\/a><\\\/p>\"}},{\"name\":\"\",\"type\":\"accordion_item\",\"props\":{\"title\":\"Da gustare\",\"content\":\"\"}}]}]}]},{\"name\":\"\",\"type\":\"row\",\"props\":{\"margin_remove_bottom\":false},\"children\":[{\"name\":\"\",\"type\":\"column\",\"props\":{\"image_position\":\"center-center\",\"width_medium\":\"1-1\",\"media_overlay_gradient\":\"\"},\"children\":[{\"name\":\"\",\"type\":\"overlay-slider\",\"props\":{\"show_title\":false,\"show_meta\":false,\"show_content\":true,\"show_link\":true,\"slider_width\":\"fixed\",\"slider_width_default\":\"1-1\",\"slider_width_medium\":\"1-2\",\"slider_min_height\":300,\"slider_autoplay_pause\":true,\"nav\":\"\",\"nav_align\":\"center\",\"nav_breakpoint\":\"s\",\"slidenav\":\"default\",\"slidenav_margin\":\"\",\"slidenav_breakpoint\":\"\",\"slidenav_outside_breakpoint\":\"xl\",\"overlay_mode\":\"cover\",\"overlay_position\":\"center\",\"overlay_transition\":\"fade\",\"title_element\":\"h3\",\"meta_style\":\"meta\",\"meta_align\":\"below-title\",\"text_align\":\"center\",\"margin\":\"default\",\"slider_height\":\"\",\"slider_width_small\":\"\",\"slider_width_large\":\"\",\"slider_width_xlarge\":\"\",\"nav_margin\":\"\",\"nav_color\":\"\",\"slidenav_color\":\"\",\"slidenav_outside_color\":\"\",\"animation\":\"parallax\",\"slider_center\":false,\"slider_finite\":true,\"slider_sets\":false,\"image_width\":\"965\",\"parallax_breakpoint\":\"m\",\"parallax_x_start\":\"50\",\"slider_gap\":\"default\",\"meta_element\":\"div\",\"link_text\":\"\",\"link_style\":\"default\",\"overlay_link\":true,\"title_hover_style\":\"reset\"},\"children\":[{\"name\":\"\",\"type\":\"overlay-slider_item\",\"props\":{\"image\":\"wp-content\\\/uploads\\\/2021\\\/08\\\/champoluc2.jpg\"}},{\"name\":\"\",\"type\":\"overlay-slider_item\",\"props\":{\"image\":\"wp-content\\\/uploads\\\/2021\\\/08\\\/champoluc3.jpg\"}},{\"name\":\"\",\"type\":\"overlay-slider_item\",\"props\":{\"image\":\"wp-content\\\/uploads\\\/2021\\\/08\\\/champoluc4.jpg\"}},{\"name\":\"\",\"type\":\"overlay-slider_item\",\"props\":{\"image\":\"wp-content\\\/uploads\\\/2021\\\/08\\\/champoluc5.jpg\"}},{\"name\":\"\",\"type\":\"overlay-slider_item\",\"props\":{\"image\":\"wp-content\\\/uploads\\\/2021\\\/08\\\/champoluc6.jpg\"}},{\"name\":\"\",\"type\":\"overlay-slider_item\",\"props\":{\"image\":\"wp-content\\\/uploads\\\/2021\\\/08\\\/champoluc7.jpg\"}}]}]}]}]}],\"version\":\"2.5.9\"} --><\/p>\n","protected":false},"excerpt":{"rendered":"<p>Champoluc Sillonn\u00e9 par le torrent Evan\u00e7on, le Val d\u2019Ayas est situ\u00e9 au pied du massif du Mont-Rose, avec ses tr\u00e8s hauts sommets, dont la pointe Dufour (4.634 m\u00e8tres). Le paysage est tr\u00e8s diversifi\u00e9, avec des glaciers et des falaises \u00e0 c\u00f4t\u00e9 de prairies et de p\u00e2turages en pente douce. En parcourant la vall\u00e9e, on rencontre [&hellip;]<\/p>\n","protected":false},"author":1,"featured_media":0,"parent":2451,"menu_order":0,"comment_status":"closed","ping_status":"closed","template":"","meta":{"_seopress_robots_primary_cat":"","_seopress_titles_title":"Champoluc - Valle d&#039;Aosta | Green Experience Vall\u00e9e d&#039;Aoste","_seopress_titles_desc":"Solcata dal torrente Evan\u00e7on, la Val d\u2019Ayas \u00e8 adagiata ai piedi del massiccio del Monte Rosa con le sue altissime vette tra cui la Punta Dufour (4634 metri).","_seopress_robots_index":"","footnotes":""},"class_list":["post-2472","page","type-page","status-publish","hentry"],"_links":{"self":[{"href":"https:\/\/www.greenvda.com\/fr\/wp-json\/wp\/v2\/pages\/2472","targetHints":{"allow":["GET"]}}],"collection":[{"href":"https:\/\/www.greenvda.com\/fr\/wp-json\/wp\/v2\/pages"}],"about":[{"href":"https:\/\/www.greenvda.com\/fr\/wp-json\/wp\/v2\/types\/page"}],"author":[{"embeddable":true,"href":"https:\/\/www.greenvda.com\/fr\/wp-json\/wp\/v2\/users\/1"}],"replies":[{"embeddable":true,"href":"https:\/\/www.greenvda.com\/fr\/wp-json\/wp\/v2\/comments?post=2472"}],"version-history":[{"count":5,"href":"https:\/\/www.greenvda.com\/fr\/wp-json\/wp\/v2\/pages\/2472\/revisions"}],"predecessor-version":[{"id":3553,"href":"https:\/\/www.greenvda.com\/fr\/wp-json\/wp\/v2\/pages\/2472\/revisions\/3553"}],"up":[{"embeddable":true,"href":"https:\/\/www.greenvda.com\/fr\/wp-json\/wp\/v2\/pages\/2451"}],"wp:attachment":[{"href":"https:\/\/www.greenvda.com\/fr\/wp-json\/wp\/v2\/media?parent=2472"}],"curies":[{"name":"wp","href":"https:\/\/api.w.org\/{rel}","templated":true}]}}

<h1>Champoluc</h1>
<div>Sillonné par le torrent Evançon, le Val d’Ayas est situé au pied du massif du Mont-Rose, avec ses très hauts sommets, dont la pointe Dufour (4.634 mètres). Le paysage est très diversifié, avec des glaciers et des falaises à côté de prairies et de pâturages en pente douce. En parcourant la vallée, on rencontre de nombreux villages, chacun avec ses propres caractéristiques paysagères et architecturales. La station la plus connue est celle de Champoluc, à 1.568 mètres d’altitude, une destination de vacances aussi bien l’hiver que l’été. Antagnod, où se trouve la maison communale d’Ayas, est un village à 1.710 mètres d’altitude, d’où l’on profite d’un panorama magnifique. Les hameaux de Frachey et de Saint-Jacques sont eux aussi tout à fait caractéristiques, ainsi que les villages de Crest et de Mascognaz, où les anciennes habitations, les raccards traditionnels, ont été savamment conservés. Ici, l’art de travailler le bois se perd dans la nuit des temps, ainsi que la production artisanale des typiques sabots de bois que les habitants chaussaient à toutes les saisons.</div>
<ul>
<li>
<h3>Choses à faire</h3>
<div>
<ul>
<li>Lac Bleu de Verra</li>
<li>Trekking et promenades</li>
<li>VTT</li>
<li>Thermes</li>
<li>Alpinisme</li>
</ul>
</div>
</li>
<li>
<h3>Où dormir</h3>
<div>
<p><a href="/fr/ou-dormir/hotel-castor/">Hotel Castor***</a></p>
</div>
</li>
<li>
<h3>Da gustare</h3>
</li>
</ul>
<ul>
<li>
<p>        <img decoding="async" src="/wp-content/uploads/2021/08/champoluc2.jpg" alt=""></p>
</li>
<li>
<p>        <img decoding="async" src="/wp-content/uploads/2021/08/champoluc3.jpg" alt=""></p>
</li>
<li>
<p>        <img decoding="async" src="/wp-content/uploads/2021/08/champoluc4.jpg" alt=""></p>
</li>
<li>
<p>        <img decoding="async" src="/wp-content/uploads/2021/08/champoluc5.jpg" alt=""></p>
</li>
<li>
<p>        <img decoding="async" src="/wp-content/uploads/2021/08/champoluc6.jpg" alt=""></p>
</li>
<li>
<p>        <img decoding="async" src="/wp-content/uploads/2021/08/champoluc7.jpg" alt=""></p>
</li>
</ul>
<p><!--more--><br />
<!-- {"name":"Tips","type":"layout","children":[{"name":"Copertina","type":"section","props":{"style":"default","width":"large","vertical_align":"middle","title_position":"top-left","title_rotation":"left","title_breakpoint":"xl","image_position":"center-center","height":"percent","image":"","text_color":"light","image_size":"cover","image_effect":"parallax","image_width":"2560","overlap":true,"image_parallax_breakpoint":"m","image_parallax_bgy_start":"-100","image_parallax_bgy_end":"100","video":"<iframe width=\"1280\" height=\"720\" src=\"https:\/\/www.youtube.com\/embed\/chchmnkiDmY\" title=\"YouTube video player\" frameborder=\"0\" allow=\"accelerometer; autoplay; clipboard-write; encrypted-media; gyroscope; picture-in-picture\" allowfullscreen><\/iframe>","video_width":"1000"},"children":[{"name":"","type":"row","children":[{"name":"","type":"column","props":{"image_position":"center-center","width_medium":"1-1","media_overlay_gradient":""},"children":[{"name":"","type":"headline","props":{"title_element":"h1","title_style":"heading-xlarge","text_align":"center","content":"Champoluc","margin_remove_top":true}}]}]}]},{"name":"Intro + gallery","type":"section","props":{"style":"default","width":"","vertical_align":"middle","title_position":"top-left","title_rotation":"left","title_breakpoint":"xl","image_position":"bottom-center","padding":"small","image":"","image_effect":"parallax","title":"","padding_remove_bottom":false,"padding_remove_top":false,"image_width":"900","css":".el-section > * { background-position: 35% 90%; }","image_parallax_breakpoint":"m","image_parallax_bgy_start":"100","media_visibility":"s"},"children":[{"name":"","type":"row","props":{"width":"large","margin":"large"},"children":[{"name":"","type":"column","props":{"image_position":"center-center","media_overlay_gradient":"","width_medium":""},"children":[{"name":"","type":"text","props":{"margin":"default","column_breakpoint":"m","animation":"none","content":"Sillonn\u00e9 par le torrent Evan\u00e7on, le Val d\u2019Ayas est situ\u00e9 au pied du massif du Mont-Rose, avec ses tr\u00e8s hauts sommets, dont la pointe Dufour (4.634 m\u00e8tres). Le paysage est tr\u00e8s diversifi\u00e9, avec des glaciers et des falaises \u00e0 c\u00f4t\u00e9 de prairies et de p\u00e2turages en pente douce. En parcourant la vall\u00e9e, on rencontre de nombreux villages, chacun avec ses propres caract\u00e9ristiques paysag\u00e8res et architecturales. La station la plus connue est celle de Champoluc, \u00e0 1.568 m\u00e8tres d\u2019altitude, une destination de vacances aussi bien l\u2019hiver que l\u2019\u00e9t\u00e9. Antagnod, o\u00f9 se trouve la maison communale d\u2019Ayas, est un village \u00e0 1.710 m\u00e8tres d\u2019altitude, d\u2019o\u00f9 l\u2019on profite d\u2019un panorama magnifique. Les hameaux de Frachey et de Saint-Jacques sont eux aussi tout \u00e0 fait caract\u00e9ristiques, ainsi que les villages de Crest et de Mascognaz, o\u00f9 les anciennes habitations, les raccards traditionnels, ont \u00e9t\u00e9 savamment conserv\u00e9s. Ici, l\u2019art de travailler le bois se perd dans la nuit des temps, ainsi que la production artisanale des typiques sabots de bois que les habitants chaussaient \u00e0 toutes les saisons.","parallax_breakpoint":"m","parallax_y_start":"50","parallax_y_end":"-50","block_align":"center","margin_remove_top":false}},{"name":"","type":"accordion","props":{"show_image":true,"show_link":true,"collapsible":true,"image_align":"top","image_grid_width":"1-2","link_text":"Read more","link_style":"default","animation":"none","margin_remove_top":false,"parallax_breakpoint":"m","parallax_y_start":"100","image_grid_breakpoint":"m","content_column_breakpoint":"m","image_svg_color":"emphasis"},"children":[{"name":"","type":"accordion_item","props":{"title":"Choses \u00e0 faire","content":"

<ul>\n

<li>Lac Bleu de Verra<\/li>\n

<li>Trekking et promenades<\/li>\n

<li>VTT<\/li>\n

<li>Thermes<\/li>\n

<li>Alpinisme<\/li>\n<\/ul>"}},{"name":"","type":"accordion_item","props":{"title":"O\u00f9 dormir","content":"

<p><a href=\"\/fr\/ou-dormir\/hotel-castor\/\">Hotel Castor***<\/a><\/p>"}},{"name":"","type":"accordion_item","props":{"title":"Da gustare","content":""}}]}]}]},{"name":"","type":"row","props":{"margin_remove_bottom":false},"children":[{"name":"","type":"column","props":{"image_position":"center-center","width_medium":"1-1","media_overlay_gradient":""},"children":[{"name":"","type":"overlay-slider","props":{"show_title":false,"show_meta":false,"show_content":true,"show_link":true,"slider_width":"fixed","slider_width_default":"1-1","slider_width_medium":"1-2","slider_min_height":300,"slider_autoplay_pause":true,"nav":"","nav_align":"center","nav_breakpoint":"s","slidenav":"default","slidenav_margin":"","slidenav_breakpoint":"","slidenav_outside_breakpoint":"xl","overlay_mode":"cover","overlay_position":"center","overlay_transition":"fade","title_element":"h3","meta_style":"meta","meta_align":"below-title","text_align":"center","margin":"default","slider_height":"","slider_width_small":"","slider_width_large":"","slider_width_xlarge":"","nav_margin":"","nav_color":"","slidenav_color":"","slidenav_outside_color":"","animation":"parallax","slider_center":false,"slider_finite":true,"slider_sets":false,"image_width":"965","parallax_breakpoint":"m","parallax_x_start":"50","slider_gap":"default","meta_element":"div","link_text":"","link_style":"default","overlay_link":true,"title_hover_style":"reset"},"children":[{"name":"","type":"overlay-slider_item","props":{"image":"wp-content\/uploads\/2021\/08\/champoluc2.jpg"}},{"name":"","type":"overlay-slider_item","props":{"image":"wp-content\/uploads\/2021\/08\/champoluc3.jpg"}},{"name":"","type":"overlay-slider_item","props":{"image":"wp-content\/uploads\/2021\/08\/champoluc4.jpg"}},{"name":"","type":"overlay-slider_item","props":{"image":"wp-content\/uploads\/2021\/08\/champoluc5.jpg"}},{"name":"","type":"overlay-slider_item","props":{"image":"wp-content\/uploads\/2021\/08\/champoluc6.jpg"}},{"name":"","type":"overlay-slider_item","props":{"image":"wp-content\/uploads\/2021\/08\/champoluc7.jpg"}}]}]}]}]}],"version":"2.5.9"} --></p>

<p>Champoluc Sillonné par le torrent Evançon, le Val d’Ayas est situé au pied du massif du Mont-Rose, avec ses très hauts sommets, dont la pointe Dufour (4.634 mètres). Le paysage est très diversifié, avec des glaciers et des falaises à côté de prairies et de pâturages en pente douce. En parcourant la vallée, on rencontre [&hellip;]</p>

Champoluc - Valle d&#039;Aosta | Green Experience Vallée d&#039;Aoste

Solcata dal torrente Evançon, la Val d’Ayas è adagiata ai piedi del massiccio del Monte Rosa con le sue altissime vette tra cui la Punta Dufour (4634 metri).
